8. Let y be z(14). What is the greatest common divisor of 621 and y?
27
Suppose 2*n - 9 = -n, 0 = -5*r - 2*n + 301. Let t = r - -29. Let o be (0 + t)/(-3 - (4 + -9)). Calculate the highest common factor of o and 4.
4
Suppose 1074*b + 4*r + 28 = 1078*b, 3*b - 5*r = 29. What is the highest common factor of b and 159?
3
Let w = -671 - -977. Suppose -w = -32*h + 270. What is the highest common divisor of h and 414?
18
Suppose 3*q + 25814 = 4*d + 2441, -3*q = -3*d + 17535. Calculate the highest common factor of 42 and d.
42
Let o be (2/(-6))/(2/(-12)). Suppose o*g - 19 + 3 = 0. Suppose -2*s + 0 = -g, -3*q = -s - 92. Calculate the greatest common factor of 64 and q.
32
Suppose 5*a - 18020 = -3*h, -2*a - 2*a = 3*h - 18028. What is the greatest common divisor of h and 98?
14
Let m(v) = -v**2 - 108*v - 1662. Let k be m(-19). Calculate the greatest common divisor of 10991 and k.
29
Suppose -8*u = -3*m - 5*u + 24, 0 = -2*u - 8. Suppose -3*k - 3*y + 630 = 0, m*k - 337 - 494 = -y. Calculate the greatest common factor of 9 and k.
9
Let n(d) = d**3 - 57*d**2 + 74*d - 942. Let t be n(56). Calculate the greatest common factor of t and 6908.
22
Let v(u) = 32*u**2 + 4*u - 10. Let c be v(2). Suppose c = 8*p - 4*p + 2*r, 5*r + 48 = p. Calculate the greatest common factor of p and 1023.
33
Let y = 1189 + -699. Suppose -5*n + 6 = 4*q, 37*q - 12*q = -2*n - 255. What is the highest common factor of y and n?
10
Suppose 2*y = -4*c + 2*c + 14, 3*c = -4*y + 23. Let b = 619 - 616. Suppose b = -v - 3*m, -5*v - 4*m + 10 = -8. What is the highest common divisor of y and v?
2
Suppose 5*o + 225 = 5*v, -44*o - 96 = -2*v - 39*o. What is the highest common divisor of v and 4042?
43
Let l(j) = -j**3 + 4*j**2 - 124*j + 241. Let k be l(2). Calculate the highest common factor of k and 3209.
1
Let c = -128 + 195. Suppose -63*r - 27 = -c*r - b, -4*b = -2*r. What is the greatest common divisor of 18 and r?
6
Let s be ((-6)/(-4))/(3/24). Let v(w) = w + 14. Let d be v(-10). Suppose -4*r + 5*n = -15, 3*n = -r - d + s. Calculate the highest common factor of 10 and r.
5
Suppose -5564 = -3*f - 5*d, -3*f + d = -3532 - 2026. Suppose 189 - f = -4*z. Calculate the greatest common divisor of z and 26.
26
Suppose -742 = 10*h - 6065 - 227. What is the greatest common factor of 120 and h?
15
Suppose 10068 = 2*a - 2*o, -32*o - 30248 = -6*a - 37*o. What is the highest common divisor of 44 and a?
22
Let n(f) = 10*f + 54. Let j be n(-17). Let k = 125 + j. What is the highest common divisor of 18 and k?
9
Let q = -16641 - -18258. What is the greatest common divisor of q and 2058?
147
Suppose 0 = 7*h - 2*h + 25, 0 = 4*q - 4*h - 192. Let u be (45/12)/(150/(-1000)). Let z = u + q. Calculate the highest common factor of z and 198.
18
Let r(h) = -h**2 - 650*h + 4620. Let u be r(7). Calculate the highest common divisor of 7343 and u.
7
Suppose s + 0*s = 26. Let f be 0*(-2)/(2 + 2). Let t be f/(4/2) - 195/(-3). Calculate the highest common factor of t and s.
13
Suppose 0 = 31*r - 62909 - 70242 - 48075. Calculate the highest common factor of 158 and r.
158
Suppose 3*i - 4*k - 11 = 0, 0 = -i - k - 2 - 6. Let p be 52/4 - (-3 - i). Suppose -5*f = -27 - p. What is the highest common factor of f and 64?
8
Let n(y) = y**3 + 4*y**2 - 34*y + 44. Let p be n(4). What is the highest common factor of 171 and p?
9
Let v = 3957 - 3347. Calculate the highest common factor of 30 and v.
10
Let x be (950222/203)/13 - 10/145. What is the highest common factor of 585 and x?
45
Let u(c) = 17*c**2 + 529*c - 9110. Let m be u(18). What is the highest common divisor of m and 925?
185
Let u = -24 + 22. Let p be (-4 - -78)*u/(-4). Let z = -13 + p. Calculate the greatest common factor of z and 4.
4
Let i be ((-56)/(-21)*5)/(42/2961). Calculate the greatest common factor of 220 and i.
20
Let u be (-16)/(-6) - (-2)/6. Suppose 3*x + 0*x - 22 = -5*n, 14 = 5*n + x. Suppose 18 = n*s + s. What is the greatest common factor of s and u?
3
Suppose -3*q = -10*q - 28. Let c(d) = 3 + 7 + 71*d - 35*d - 37*d. Let w be c(q). Calculate the highest common factor of w and 126.
14
Let y = 1585 - 1325. Calculate the greatest common factor of y and 2730.
130
Let o(g) = -23*g**3 - 6*g**2 + 5*g + g**2 + 24*g**3 + 1. Let m be o(4). Suppose 2*q - m = -2*f + f, 5 = 5*q. Calculate the highest common divisor of f and 21.
3
Let p be (-1)/((-6)/19816) + ((-136)/(-51))/8. Calculate the highest common factor of 18 and p.
9
Let p = 29 - 36. Let z be 13/2 - p/(-14). Let t be (-2 - (1 - 4)) + z. What is the highest common divisor of 1 and t?
1
Let n(q) = 159*q - 100. Let l be n(3). Suppose -4*o = 2*f - f - 53, 3*o = -5*f + 44. What is the highest common factor of o and l?
13
Suppose 13*l = 293 + 214. Let z = -1070 + 1499. Calculate the greatest common divisor of l and z.
39
Let r = 397 - 374. Suppose -2*k = -5*q - 11 - 8, r = 2*k - q. Calculate the highest common divisor of 492 and k.
12
Suppose -32*s - 75 = -17*s. Let u(m) = -36*m - 168. Let h be u(s). What is the greatest common factor of 300 and h?
12
Suppose 64*u + 21*u = 67167 + 4488. What is the greatest common factor of 57 and u?
3
Let l(z) = 11*z**2 - 21*z + 72. Let q be l(9). What is the highest common divisor of q and 344?
86
Let q(x) be the third derivative of x**6/120 + 3*x**5/20 + 13*x**4/12 + 16*x**3/3 + 8*x**2 + 2. Let y be q(-5). What is the highest common factor of y and 2?
2
Suppose -5*l - 4*u = -272, 4*l - 127 = -3*u + 90. What is the highest common factor of l and 1066?
26
Let a be (-1)/((-3)/432)*(4 - 3). Suppose 4*d - a = d. Let q be 220/8*d/45*3. What is the greatest common divisor of 11 and q?
11
Suppose 2*l = -5*r + 48, 2*l + r - 32 = -0*l. Suppose -5*t - l + 24 = 0. What is the greatest common divisor of 7 and t?
1
Let h(r) = -2816*r**3 - r - 1. Let u be h(-1). What is the greatest common factor of 11 and u?
11
Suppose p - 5*m = 0, 5*m + 1517 = -2*p + 1547. What is the highest common divisor of p and 94?
2
Let w(n) = 171*n**2 - 125*n + 491. Let q be w(4). Calculate the highest common divisor of q and 27.
27
Suppose -4*z + 2*c + 2*c + 12 = 0, -5*z + 3*c + 13 = 0. Let n be -11*19/3*(-5 + z). What is the greatest common divisor of 11 and n?
11
Let h(a) = a**2 - 239*a - 15. Let p be h(-81). What is the greatest common divisor of p and 330?
165
Let y(n) = -64 + 49*n + 75*n - 104*n. Let o be y(8). Calculate the greatest common factor of o and 24.
24
Suppose -7*b + 388 - 255 = 0. Suppose 0 = -5*r + 4*c - 121, 5*c = -0 - 5. Let q = r + 44. What is the highest common divisor of b and q?
19
Let o be 7 - (-1027)/(-143) - 1/(11/(-12674)). Calculate the highest common divisor of 504 and o.
72
Let x = 158 + -128. Suppose -x*c + 24*c + 1062 = 0. Calculate the greatest common factor of 236 and c.
59
Let i(d) = 3 + 9*d - d + 5 + 0*d. Let b be i(4). Suppose -2*s - 3*s - 2*p = -106, 4*s - p = 77. What is the highest common divisor of b and s?
20
Let s be (-73610)/(-238) - (-3)/((-63)/6). Calculate the highest common divisor of s and 1339.
103
Let r(a) = -7*a**3 - 350*a**2 - 56*a - 183. Let x be r(-50). Calculate the greatest common divisor of 1 and x.
1
Suppose -45*s = -290*s + 762440. What is the greatest common factor of 8 and s?
8
Let d(i) = i**2 - 31*i + 112. Let a be d(27). Suppose 4*g - 5724 = a*j, -2*j = -g - 3*g + 5718. What is the greatest common factor of g and 84?
84
Let l be 2219/3 + (-35)/(-105). What is the highest common divisor of l and 40?
20
Suppose 2*d - k = 777 + 354, 0 = 2*d - 3*k - 1137. Suppose u = d - 180. Calculate the greatest common factor of 48 and u.
48
Suppose 0 = 162*t - 4960 - 1844. Calculate the greatest common factor of t and 518.
14
Let s(k) = k**2 - 88*k - 630. Let u be s(95). Calculate the highest common divisor of 595 and u.
35
Let b be 6 - (-673 - (855/315 - (-4)/14)). Let y be 198/3 - 1 - -1. Calculate the greatest common factor of y and b.
22
Let l be (2928/184 - (-4)/46)*558. What is the highest common factor of 124 and l?
124
Let u(q) = q**3 - 8*q**2 - 77*q - 46. Let w be u(21). What is the greatest common factor of 37 and w?
37
Suppose 199 = q - 0*p - 2*p, q - 5*p = 214. Calculate the highest common divisor of 36 and q.
9
Let p = -137 + 85. Let g be (68/(-8) - -4)*p/3. Suppose -5*j = -6*j + 4*a + g, 4*a = 3*j - 234. What is the greatest common factor of 117 and j?
39
Let 